r and u?
48
Let b(q) = q**3 + 10*q**2 - 82*q - 304. Let h be b(-14). Suppose -i - 4*i + 450 = -n, -4*i + n + 360 = 0. Calculate the highest common divisor of h and i.
30
Suppose 10 = -3*x + 5*g, 7*x - 3*x = -3*g + 35. Suppose -2*b + 4*u = 23 - 125, -b = -x*u - 54. Calculate the highest common factor of b and 7.
7
Let m(t) = -7 + t**3 - 5*t + 4*t**2 + 2*t**2 - 1. Let n = -149 + 144. Let o be m(n). What is the greatest common factor of o and 6?
6
Let x(s) = s**2 - s - 43. Let y be x(-6). Let a be (1 + y/(-5))*(-6 - -186). What is the highest common divisor of 48 and a?
24
Suppose -2*b = 4*d + 22, -9*d + 7*d - 3*b = 21. Let g be (144 + (-9)/d)/((-12)/(-12)). Calculate the highest common divisor of g and 3.
3
Suppose -2*l - 2*m + 0 = 6, 11 = -l - 5*m. Let s be (0 + l)/((-43)/1763). Calculate the highest common divisor of s and 492.
41
Let u = -88 - -90. Let w be (36/135)/u + 4016/30. What is the highest common factor of 469 and w?
67
Suppose h - 957*r + 956*r - 32221 = 0, 0 = -2*r - 14. Calculate the highest common factor of 21 and h.
21
Let p be (-9)/(-6) - (-273)/2. Let j = p - 98. Let b = -7541 - -7549. Calculate the greatest common divisor of b and j.
8
Let h = 169 - 165. Suppose 0 = -2*s + h*p + 168 + 160, -5*s + 768 = 3*p. Calculate the greatest common divisor of s and 52.
52
Let i = 313 - 313. Suppose i = -f + 4*v + 116, f - 4*v = 8*f - 812. What is the highest common divisor of f and 8?
4
Let v be ((-17730)/8)/(165/(-880)). What is the greatest common factor of v and 20?
20
Let h = -381 - -256. Let r = h + 223. What is the highest common divisor of r and 14?
14
Suppose k + 116 = -233. Let g = -203 - k. Let x = g + 9. What is the greatest common factor of 62 and x?
31
Let f be (4 + -1)/1*(-13 + 0). Let z be (10 - 0) + (-13)/(f/15). What is the greatest common factor of z and 615?
15
Suppose 0 = -4*t + 14*t - 110. Suppose -9*o + 3*j + 614 = -4*o, o - 130 = 3*j. What is the highest common factor of o and t?
11
Let i(v) = 2*v**2 - 31*v - 49. Suppose -4*p + 5*q + 37 = -2*p, -p - 4*q = -38. Let x be i(p). Calculate the greatest common factor of 7 and x.
7
Suppose -4*q + 998 = 5*d, -1006 = 29*q - 33*q - d. Let k = q - 204. What is the greatest common factor of 136 and k?
8
Suppose -25*p - 2*i + 156 = -24*p, -24 = -4*i. What is the highest common factor of 80 and p?
16
Suppose 0 = 69*u - 7159 + 6469. What is the greatest common factor of 115 and u?
5
Let p(b) = b**2 - b + 2. Let c be p(4). Let m be (-2)/(-8) - 6/24. Suppose -2*d + 24 - 10 = m. Calculate the greatest common divisor of c and d.
7
Suppose 17*l - 1285 = -792. What is the highest common factor of l and 58?
29
Let c = 10847 + -10714. What is the greatest common divisor of 315 and c?
7
Let d = -19 - -74. Let l be (-20)/(-3) - 4*(-5)/(-30). Let c be -3*4/36 - (-68)/l. Calculate the greatest common factor of d and c.
11
Suppose -47*g + 50*g = c - 255, 3*c - 785 = 5*g. What is the highest common factor of 2250 and c?
90
Let r = 21 + -9. Let i = 509 - 481. Suppose -2*t = 8, -8*o - i = -12*o - 5*t. What is the highest common factor of o and r?
12
Let z(s) = 3*s + 42. Let u be z(-15). Let q(l) = -72*l - 40. Let k be q(u). What is the highest common divisor of k and 11?
11
Let k = 32 - 30. Suppose 4*y = 4*a - 40, 3*y = -k*a - 4 + 29. Let g(t) = -t**2 + 16*t. Let b be g(11). Calculate the highest common divisor of b and a.
11
Let i be -2*-2*7/2. Let t be -1*(3/1 + -3). Suppose -5*v + 375 + 255 = t. Calculate the highest common factor of v and i.
14
Let f = -21990 + 31699. What is the highest common divisor of f and 73?
73
Let x = 102 + 408. Suppose -3*s + 5*o = -543, -2*s - 3*o - 167 + x = 0. What is the greatest common factor of s and 264?
88
Let i(p) = 6*p + p**2 + 34 + 6*p - 18 - 17. Let c be (-110)/7 + (-6)/21. Let z be i(c). Calculate the highest common divisor of z and 7.
7
Suppose -a = -z + 4*a + 195, -a = 4*z - 885. Let k be 1/7 + z/77. Let v be (-30)/(-5)*(-3)/(-6). What is the highest common divisor of k and v?
3
Let m(z) = z + 23*z - 26 - 20 - 9*z. Let x be m(10). Calculate the greatest common factor of 13 and x.
13
Let z(a) = -a**2 + 21*a + 25. Let x be z(22). Let v be ((-2)/x - -1)/((-3)/(-153)). Let g be v*(-5)/(-9 - -4). What is the greatest common divisor of g and 17?
17
Suppose -8*a - 2 = -9*a. Suppose -5*f - a = 2*w - 2*f, 5*w - 16 = 3*f. Suppose 9*n - 637 = w*n. Calculate the highest common factor of 13 and n.
13
Let o = -22000 + 22234. Calculate the greatest common factor of 299 and o.
13
Let v = 15 - 8. Let i(a) = -a**2 + 6*a + 8. Let h be i(v). Suppose 5*t - 15 = 48*r - 53*r, 2*t - 3*r - 31 = 0. What is the greatest common divisor of t and h?
1
Let b = -35 - -99. Let a = b + -40. Let g be 291*4/a + 1/(-2). What is the greatest common factor of 12 and g?
12
Suppose 510 - 3102 = -4*g + 4*x, 2*g + 2*x - 1308 = 0. Calculate the highest common divisor of g and 56.
7
Let a = -27806 - -87361. Calculate the greatest common divisor of a and 215.
215
Suppose 223*g - 796331 = -114*g. What is the highest common divisor of g and 187?
17
Suppose 261*u - 2449 = 253*u + 991. Let r = 30 - 20. What is the greatest common divisor of u and r?
10
Let p be (-25)/(-15)*3 + 5. Suppose -2*t = t + 255. Let k be -1 - (t + (-2 - -6)). What is the highest common factor of p and k?
10
Let b = 3895 + 55829. Calculate the highest common factor of 237 and b.
237
Suppose -4132 = -39*k - 505. What is the highest common factor of 434 and k?
31
Let q be (-2)/7 + (-1)/((-14)/1362). Let n = q + -55. Suppose o = r + 44, -n = -6*o + 5*o - r. Calculate the highest common divisor of 215 and o.
43
Let y = 23 + -134. Let u = y + 172. Let q be 9/(-3) + (u - 6). What is the greatest common divisor of 13 and q?
13
Suppose 27*y - 301 = -85. Calculate the greatest common factor of y and 424.
8
Let a be 585/4 - ((-63)/(-28) - 3). What is the greatest common factor of a and 4263?
147
Let p(f) = -f**2 + 16*f + 1. Let h be p(15). Suppose 19*v + h = 23*v. Suppose 2*r + 44 = v*r. Calculate the highest common factor of r and 88.
22
Suppose 1350*w - 1449*w + 6732 = 0. Calculate the greatest common factor of w and 5423.
17
Let d(w) = 12*w**2 + 13*w + 3. Let c be d(-2). Suppose 0 = c*l - 649 + 49. What is the greatest common factor of 108 and l?
12
Suppose 6 = 2*s - 4, 27 = t + 5*s. Suppose 0 = 3*g - 2*o - t, 3*g + o + 7 = -3. Let h be (-6)/g + -4 + 39 + -2. What is the highest common factor of h and 396?
36
Let v = -10658 - -11558. What is the greatest common factor of v and 120?
60
Let i be 2/(-6) - (-2 + 842/(-6)). Suppose 7*u + 16 - i = 0. Let k be (28/(-3))/(-7)*u. Calculate the highest common divisor of k and 168.
24
Suppose -32 + 0 = -4*h. Let g(d) = -d**3 - 22*d**2 - 2*d - 39. Let s be g(-22). Let x be 0 - (1 + -78 + s). Calculate the greatest common divisor of x and h.
8
Let y(j) = -j**2 + 10*j + 23. Let g be y(12). Let a = 1 + g. Let o be (-36 + (a - (2 + 1)))*-1. What is the highest common divisor of o and 13?
13
Let h(o) = 851*o - 28035. Let t be h(33). Suppose -2*s = 3*c - 72, 5*s = -3*c - 17 + 89. Calculate the highest common divisor of t and c.
24
Suppose -47*o + 70 = -52*o. Let l be (-1490)/(-70) + 4/o. Calculate the highest common factor of 4 and l.
1
Let s(o) = o - 4. Let d be s(-3). Suppose -2*j + i + 34 = 0, 0 = 2*j + 3*i - 14 - 4. Let k = d + j. What is the highest common factor of k and 152?
8
Suppose -2*l = -5*o + 38208, -108*o + 4*l = -105*o - 22908. Calculate the greatest common factor of o and 12.
12
Let y be 828/2 - 1944/108. Calculate the highest common factor of y and 2871.
99
Suppose -2*v - 41 = 13. Let u = v - -51. Let f be 12 + -3 - (-1)/(-1). Calculate the greatest common divisor of u and f.
8
Let h = -3670 + 3883. Calculate the highest common factor of 4899 and h.
213
Let f be (-8)/((-5)/40 - (-10)/16). Let b = f - -20. Suppose j - 4 = -j - h, 5*h = -b*j - 4. What is the greatest common divisor of j and 32?
4
Let d(f) = 3*f**2 - 9*f + 12. Let x be d(8). Suppose 138*z = 240*z - 10856 - 5974. What is the greatest common factor of z and x?
33
Let h(l) = -8*l**3 - 6*l**2 - l + 2. Let t be h(-2). Suppose -5*v = -21 - t. Suppose -227 = -3*z - 32. What is the greatest common divisor of z and v?
13
Let o = -775 + 2404. Calculate the highest common divisor of 2896 and o.
181
Suppose -u + 2*r = -530, 2*r